s digit of d(-6)?
8
Suppose 0 = -2*d - 4 + 6. What is the units digit of ((-140)/30 - 1)/(d/(-3))?
7
Let g(d) = -3*d**2 + 2*d + 1. Let t(u) = 9*u**2 - 6*u - 2. Let m(s) = -17*g(s) - 6*t(s). Let h be m(4). What is the tens digit of (-1090)/h + (-4)/18?
2
Let p = -252 - -66. Suppose 58*y + 1298 = 5*h + 57*y, -3*h + 4*y = -772. Let o = p + h. What is the tens digit of o?
7
Suppose 0 = -0*h + h. Let l(s) = s**2 + 16*s + 369. Let v be l(0). Suppose 5*b + q = v + 112, -b - 5*q + 101 = h. What is the units digit of b?
6
Let a(z) = 4 - z**3 - 5*z**2 - 5*z + 5*z**2 - 7*z**2 + 2*z**3. Let c be a(7). Let l = 56 + c. What is the tens digit of l?
2
Suppose 0 = -5*g - 121 + 136. Let k be (1 - -8 - g)/(12/(-66)). What is the units digit of (k/9 - -5) + 14/3?
6
Let n(k) = -177*k**3 + 5*k**2 - 181*k - 1065. What is the tens digit of n(-6)?
3
Let a(n) = -n**2 + n. Let h be a(0). Suppose k - 3 = h, -2*v - k + 12 = -v. Suppose 13*c - v*c - 124 = 0. What is the units digit of c?
1
Let l(h) = h**2 + 2*h. Let o be l(-4). Let c be (-4)/((o/(-4))/236). Suppose -c = -2*k - 2*k. What is the units digit of k?
8
Suppose -8*u + 4*u - 2*c = -124734, -155916 = -5*u - c. What is the hundreds digit of u?
1
Let d = -20844 + 29602. What is the thousands digit of d?
8
Let v(r) = 2*r**2 + 18*r + 8. Let o be v(-9). Suppose o*j - 2*j - 1362 = 0. Suppose -4*x = 0, q = x + x + j. What is the units digit of q?
7
Suppose 4*k - 5*n + 1 = 0, 5*k - 2*n + 3*n + 23 = 0. Let f(t) = 7*t**2 + 4*t + 21. What is the tens digit of f(k)?
1
Let n(o) = 16500*o**2 + 11*o + 1. What is the tens digit of n(1)?
1
Let o(h) = 294*h**2 - 119*h - 1528. What is the thousands digit of o(-11)?
5
Let i = 42 - 43. Let n(l) = 159*l**2 - 2. Let v be n(i). Let s = -52 + v. What is the hundreds digit of s?
1
Suppose 5*w - 4*w + 4*q + 1124 = 0, -1109 = w + q. Let h be (-1)/5 - w/(-30). Let s = h - -185. What is the units digit of s?
8
Let i = 23 + -22. Let g be 1 + 48 + 4 + i. Suppose 5*k = 2*u + 135, -2*k = u - 0*u - g. What is the tens digit of k?
2
What is the tens digit of (252 + 0)/((-24)/(-252))?
4
Let g(t) = t**3 + 19*t**2 + 19*t + 2. Let l be g(-18). Let u be (-1)/4 - (-156)/l. Let o(p) = -p**2 - 16*p - 12. What is the tens digit of o(u)?
4
Let k(l) be the first derivative of -l**3/3 - 9*l**2 - 29*l - 1. Let d be k(-16). Suppose 4*s = -d*c + 505, 3*s + c = 5*c + 385. What is the units digit of s?
7
Suppose -4*y + 78164 + 70330 = d, 0 = -3*y + 4*d + 111361. What is the tens digit of y?
2
Let o(l) be the first derivative of l**4/4 + 19*l**3/3 + 3*l**2/2 + 114*l - 151. What is the units digit of o(-18)?
4
Suppose 9 = 3*b, -5*b + 10205 = 7*n - 2*n. Suppose 5*m - 2*d - n = 0, 2*m - 970 = 3*d - 157. What is the hundreds digit of m?
4
Suppose -3*j = 15, 3*j + 903 = 3*y - 0*j. Let i = -206 + y. What is the units digit of i?
0
Suppose s + 2*s = o + 333, -3 = -o. Suppose 608 = 7*n - 3*n. Let i = n - s. What is the units digit of i?
0
Suppose 2*p + 0*p - 5*q - 12 = 0, 0 = -2*p + 4*q + 8. Let m(z) = -85*z - 57. What is the tens digit of m(p)?
8
Let c(h) be the second derivative of 8*h**3 - 49*h**2/2 + 9*h. What is the tens digit of c(10)?
3
Let i be (6/8)/((-8)/(-32)). Suppose 419 = i*u - 307. What is the tens digit of u?
4
Suppose 40*o = 36*o. Suppose -2*k + 130 = -o*k. Suppose -k = -b + 4*g, -4*b = -2*g + 46 - 306. What is the units digit of b?
5
Suppose -50*g + 71*g + 1762763 = 40*g. What is the units digit of g?
7
Let g(s) = s**2 + 13*s - 67. Let d be g(-27). Suppose 2*l - d = 3*l. Let k = l + 527. What is the tens digit of k?
1
Let c(g) = -g**3 + 11*g**2 + 12*g + 8. Let f be c(7). Let d = 319 - f. What is the tens digit of d?
3
Suppose 0 = -3*x + 18, 3*o + x + 10571 - 49619 = 0. What is the thousands digit of o?
3
Let v = 1875 + 72. What is the units digit of v?
7
Let p(y) = 2*y**3 - 4*y**2 + 6*y - 6. Let n be p(2). What is the hundreds digit of (n/(-8) - (-1041)/(-20))*-5?
2
Let j(h) = -12*h - 5*h - 2 + 15*h + 7. Let w be j(0). What is the tens digit of 5/(w/3) + 8*8?
6
Suppose 0 = -149*n + 162*n - 20735. Let z = n + -623. What is the tens digit of z?
7
What is the hundreds digit of (-27)/(-54)*(-3 - -2921) + 6?
4
Let x(b) = -b**2 + 11*b - 27. Let q be ((-16)/28)/((-1)/7). Let z be x(q). What is the units digit of 4*(z + (-225)/(-10))?
4
Suppose 3*g = 11*c - 9*c + 1307, -3*c = -6. Suppose 0 = -x + 40 + g. What is the hundreds digit of x?
4
Let d(f) = f**2 + 13*f - 4. Let r(h) = -12*h + 1. Let w be r(5). Let a = w + 43. What is the tens digit of d(a)?
4
What is the ten thousands digit of (3/3*8)/(108/(-54)) - -23698?
2
Let p(c) = -c**3 + 2*c**2 - c + 4. Let w be p(2). Suppose 1991 = 5*g - w*h, 2*g + g - 1194 = h. What is the hundreds digit of g?
3
What is the ten thousands digit of -6 - 328392/(-90)*5?
1
Suppose 384 = -11*s - 2091. Let l = s - -307. What is the tens digit of l?
8
Let i(r) = -41*r - 8. Let q be i(-6). Let o = -114 + q. Suppose 0 = -3*p + y - o + 437, -p = 4*y - 126. What is the units digit of p?
6
Suppose v - n - 21 = 2*n, 5 = -n. Suppose -1464 = -3*m + l, -m - v*l + 488 = -2*l. What is the hundreds digit of m?
4
Let r(k) be the first derivative of -2*k**2 - 17*k - 13. Let a be r(-7). Suppose -5*p + 2*p - 5*v = a, 2*v + 11 = p. What is the units digit of p?
3
Suppose -2*j + 26*k - 30*k + 24296 = 0, -4*k - 24280 = -2*j. What is the hundreds digit of j?
1
Let w = -659 - -2498. Suppose 20*b - w = 17*b. What is the units digit of b?
3
Let z = 1171 + -1019. Suppose 2*y + s - 18 + 5 = 0, -6 = -2*s. Suppose 3*w + y*l = 6*w - z, 0 = 4*w + l - 172. What is the tens digit of w?
4
Let t(h) = 11*h**3 - 18*h**2 + 97*h - 709. What is the tens digit of t(12)?
7
Let t(x) be the second derivative of 5*x**4/4 - 5*x**3/6 - 3*x**2/2 + 4*x - 12. What is the units digit of t(-2)?
7
Let s = 48482 - 22020. What is the ten thousands digit of s?
2
What is the units digit of 20525 - (1829/(-620) + (-3)/60)?
8
Let z(a) = -70 - 51 + 141 - 144*a. What is the tens digit of z(-5)?
4
Let z be (6/5)/(21/70). Suppose -5*n + q + 2*q = -410, z*q = 4*n - 320. Suppose -3*h - 3*x - x + n = 0, 4*h + 4*x = 120. What is the tens digit of h?
3
Let f(m) = m**3 - 10*m**2 - m + 39. Let k(j) = 13*j**2 + 2*j + 1. Let r be k(1). What is the hundreds digit of f(r)?
5
What is the units digit of -3 + (-286102)/(-4) + (-30 - -28)/4?
2
Let l = -6 - -2. Let z be 6/(120/(-115))*l/1. Suppose -z = 4*q - 5*q - 4*a, 3*a + 24 = 3*q. What is the tens digit of q?
1
Let q(n) = -n**3 + 8*n**2 - 13*n - 3. Let w(h) = -h**2 + 3*h + 6. Let f be w(0). Let j be q(f). What is the tens digit of (6/j)/(-1) + 165/9?
1
Let k be -5095*3/(-10)*(-18)/(-27). Suppose -2*b + 435 = 2*m - k, 5*b + 3*m - 3645 = 0. What is the hundreds digit of b?
7
Let a(x) = -131*x - 3. Suppose -8*g + 9*g = -60. Let v be (-30)/g + 1 + 5/(-2). What is the tens digit of a(v)?
2
Let v(a) = -a**3 - 3*a**2 - 37*a - 71. What is the tens digit of v(-15)?
8
Let u = 4304 + -3752. What is the units digit of u?
2
Suppose -202 = -10*z - 17*z - 13. Let x = 0 + 0. Suppose x = o + 3*i - 57, z*o - 241 = 3*o + i. What is the tens digit of o?
6
Suppose 0*x - 2*x + 1478 = 4*p, -3*p + 3*x + 1086 = 0. Let n = p - 162. What is the units digit of n + (-4)/12 + 22/(-6)?
1
Let w(t) = -t**2 - 3*t - 4. Let d be w(-3). Let b be d/14 + (-195)/(-21). Suppose b*c - 36 = 18. What is the units digit of c?
6
Let y(n) = -86*n + 87. Let t(u) = -43*u + 42. Let d(l) = 5*t(l) - 2*y(l). What is the hundreds digit of d(-19)?
8
Let a(c) = 10*c**2 + 26*c - 79. What is the hundreds digit of a(13)?
9
Suppose x = 3*j + 156, -5*x + 77 = -j + 11. What is the units digit of 611/2 - j/34?
7
Let a(y) = 3*y**3 - 6*y**2 - 8*y - 5. Suppose 37*h = 43*h - 42. What is the hundreds digit of a(h)?
6
Let t(g) = -119*g**3 + 2*g**2 - 2. Let n be t(-1). Let k = 395 - n. What is the tens digit of k?
7
Let r = 14855 + -1777. What is the hundreds digit of r?
0
Suppose -81*s - 37956 = -85*s. What is the thousands digit of s?
9
Let f(v) = 45*v**2 + 40*v - 78. What is the thousands digit of f(29)?
8
Let s(x) = -61*x**3 + 17*x**2 + 84*x + 1. What is the ten thousands digit of s(-6)?
1
Let m(l) = 3*l**2 - 77*l - 4816. What is the thousands digit of m(-86)?
3
Let h(x) = 2*x**2 + 42*x + 5. Suppose 0 = 3*g - 2*m + 73, -89 = -2*g + 6*g - m. Let s be h(g). What is the uni